{"id":10760,"date":"2024-09-25T00:42:15","date_gmt":"2024-09-25T00:42:15","guid":{"rendered":"https:\/\/silvertonareacommunityaid.org\/?post_type=tribe_events&#038;p=10760"},"modified":"2024-09-25T00:44:17","modified_gmt":"2024-09-25T00:44:17","slug":"once-in-a-lifetime-opportunity","status":"publish","type":"tribe_events","link":"https:\/\/silvertonareacommunityaid.org\/es\/event\/once-in-a-lifetime-opportunity\/","title":{"rendered":"Once in a Lifetime Opportunity"},"content":{"rendered":"<div dir=\"auto\">Click the title for more information. | Haga clic en el t\u00edtulo para obtener m\u00e1s informaci\u00f3n.<\/div>\n<div dir=\"auto\"><\/div>\n<div dir=\"auto\">&#8212;&#8212;&#8212;-<\/div>\n<div dir=\"auto\"><\/div>\n<h1 dir=\"auto\">You&#8217;re invited to join us for a<\/h1>\n<h1 dir=\"auto\"><em>Once in a Lifetime Opportunity<\/em><\/h1>\n<div dir=\"auto\"><\/div>\n<div dir=\"auto\">\n<p class=\"cvGsUA direction-ltr align-center para-style-body\"><span class=\"OYPEnA font-feature-liga-off font-feature-clig-off font-feature-calt-off text-decoration-none text-strikethrough-none\">Come take a sneak peek of the new SACA facility and learn how, <\/span><span class=\"OYPEnA font-feature-liga-off font-feature-clig-off font-feature-calt-off text-decoration-none text-strikethrough-none\">together<\/span><span class=\"OYPEnA font-feature-liga-off font-feature-clig-off font-feature-calt-off text-decoration-none text-strikethrough-none\">, we will open the doors to this new community hub! Our new space will improve access to SACA programs and better serve <\/span><span class=\"OYPEnA font-feature-liga-off font-feature-clig-off font-feature-calt-off text-decoration-none text-strikethrough-none\">our rural community by providing space for partner organizations.<\/span><\/p>\n<h3><strong><span class=\"OYPEnA font-feature-liga-off font-feature-clig-off font-feature-calt-off text-decoration-none text-strikethrough-none\">Community Campaign Kick-off for New SACA Facility<\/span><\/strong><\/h3>\n<p class=\"cvGsUA direction-ltr align-center para-style-body\"><span class=\"OYPEnA font-feature-liga-off font-feature-clig-off font-feature-calt-off text-decoration-none text-strikethrough-none\">Your support at this event will bring to life our vision of a collaborative social services center that <\/span><span class=\"OYPEnA font-feature-liga-off font-feature-clig-off font-feature-calt-off text-decoration-none text-strikethrough-none\">will serve the Silverton area for years to come. <\/span><em><span class=\"OYPEnA font-feature-liga-off font-feature-clig-off font-feature-calt-off text-decoration-none text-strikethrough-none\">With your help<\/span><\/em><span class=\"OYPEnA font-feature-liga-off font-feature-clig-off font-feature-calt-off text-decoration-none text-strikethrough-none\">, we will change lives, <\/span><span class=\"OYPEnA font-feature-liga-off font-feature-clig-off font-feature-calt-off text-decoration-none text-strikethrough-none\">bring people together, and ensure our community continues to thrive.<\/span><\/p>\n<p>&nbsp;<\/p>\n<p class=\"cvGsUA direction-ltr align-center para-style-body\"><strong><span class=\"OYPEnA font-feature-liga-off font-feature-clig-off font-feature-calt-off text-decoration-none text-strikethrough-none\">WEDNESDAY, OCTOBER 16, 2024<\/span><\/strong><\/p>\n<p class=\"cvGsUA direction-ltr align-center para-style-body\"><span class=\"OYPEnA font-feature-liga-off font-feature-clig-off font-feature-calt-off text-decoration-none text-strikethrough-none\">6:30pm &#8211; Doors open<\/span><\/p>\n<p class=\"cvGsUA direction-ltr align-center para-style-body\"><span class=\"OYPEnA font-feature-liga-off font-feature-clig-off font-feature-calt-off text-decoration-none text-strikethrough-none\">7:00pm &#8211; Brief program<\/span><\/p>\n<p class=\"cvGsUA direction-ltr align-center para-style-body\"><span class=\"OYPEnA font-feature-liga-off font-feature-clig-off font-feature-calt-off text-decoration-none text-strikethrough-none\">7:30pm &#8211; Self-guided tours<\/span><\/p>\n<p class=\"cvGsUA direction-ltr align-center para-style-body\"><em><span class=\"OYPEnA font-feature-liga-off font-feature-clig-off font-feature-calt-off text-decoration-none text-strikethrough-none\">Light snacks and beverages provided<\/span><\/em><\/p>\n<\/div>\n<p>&nbsp;<\/p>\n<p>Let us know you&#8217;re coming:\u00a0<a href=\"https:\/\/forms.gle\/LuHFpnko7vaujEJf8\">https:\/\/forms.gle\/LuHFpnko7vaujEJf8<\/a><\/p>\n<p>990 N 1st St, Silverton<\/p>\n<p>(503) 873-3446<\/p>\n<p>&#8212;&#8212;&#8212;-<\/p>\n<h1><strong>Est\u00e1s invitado a unirte a nosotros para una<\/strong><br \/>\n<strong><em>Oportunidad \u00fanica en la vida<\/em><\/strong><\/h1>\n<p>&nbsp;<\/p>\n<p>\u00a1Ven a echar un vistazo a las nuevas instalaciones de SACA y descubre c\u00f3mo, juntos, abriremos las puertas de este nuevo centro comunitario! Nuestro nuevo espacio mejorar\u00e1 el acceso a los programas de SACA y servir\u00e1 mejor a nuestra comunidad rural al brindar espacio para las organizaciones asociadas.<\/p>\n<p>&nbsp;<\/p>\n<h3><strong>Lanzamiento de la campa\u00f1a comunitaria para las nuevas instalaciones de SACA<\/strong><\/h3>\n<p>&nbsp;<\/p>\n<p>Tu apoyo en este evento dar\u00e1 vida a nuestra visi\u00f3n de un centro de servicios sociales colaborativo que prestar\u00e1 servicios en el \u00e1rea de Silverton durante los pr\u00f3ximos a\u00f1os. Con tu ayuda, cambiaremos vidas, uniremos a las personas y garantizaremos que nuestra comunidad siga prosperando.<\/p>\n<p>&nbsp;<\/p>\n<p><strong>MI\u00c9RCOLES 16 DE OCTUBRE DE 2024<\/strong><\/p>\n<p>6:30pm &#8211; Apertura de puertas<\/p>\n<p>7:00pm &#8211; Programa breve<\/p>\n<p>7:30pm &#8211; Visitas autoguiadas<\/p>\n<p><em>Se ofrecer\u00e1n refrigerios y bebidas ligeras<\/em><\/p>\n<p>&nbsp;<\/p>\n<p>Av\u00edsanos si vienes: <a href=\"https:\/\/forms.gle\/LuHFpnko7vaujEJf8\">https:\/\/forms.gle\/LuHFpnko7vaujEJf8<\/a><\/p>\n<p>990 N 1st St, Silverton<\/p>\n<p>(503) 873-3446<\/p>","protected":false},"excerpt":{"rendered":"<p>Click the title for more information. | Haga clic en el t\u00edtulo para obtener m\u00e1s informaci\u00f3n. &#8212;&#8212;&#8212;- You&#8217;re invited to join us for a Once in a Lifetime Opportunity Come take a sneak peek of the new SACA facility and learn how, together, we will open the doors to this new community hub! Our new space will improve access to &#8230; <a href=\"https:\/\/silvertonareacommunityaid.org\/es\/event\/once-in-a-lifetime-opportunity\/\" class=\"more-link\">Read More<\/a><\/p>","protected":false},"author":7,"featured_media":10763,"template":"","meta":{"_tribe_events_status":"","_tribe_events_status_reason":"","footnotes":""},"tags":[],"tribe_events_cat":[11],"class_list":["post-10760","tribe_events","type-tribe_events","status-publish","has-post-thumbnail","hentry","tribe_events_cat-announcements","cat_announcements"],"_links":{"self":[{"href":"https:\/\/silvertonareacommunityaid.org\/es\/wp-json\/wp\/v2\/tribe_events\/10760","targetHints":{"allow":["GET"]}}],"collection":[{"href":"https:\/\/silvertonareacommunityaid.org\/es\/wp-json\/wp\/v2\/tribe_events"}],"about":[{"href":"https:\/\/silvertonareacommunityaid.org\/es\/wp-json\/wp\/v2\/types\/tribe_events"}],"author":[{"embeddable":true,"href":"https:\/\/silvertonareacommunityaid.org\/es\/wp-json\/wp\/v2\/users\/7"}],"version-history":[{"count":1,"href":"https:\/\/silvertonareacommunityaid.org\/es\/wp-json\/wp\/v2\/tribe_events\/10760\/revisions"}],"predecessor-version":[{"id":10762,"href":"https:\/\/silvertonareacommunityaid.org\/es\/wp-json\/wp\/v2\/tribe_events\/10760\/revisions\/10762"}],"wp:featuredmedia":[{"embeddable":true,"href":"https:\/\/silvertonareacommunityaid.org\/es\/wp-json\/wp\/v2\/media\/10763"}],"wp:attachment":[{"href":"https:\/\/silvertonareacommunityaid.org\/es\/wp-json\/wp\/v2\/media?parent=10760"}],"wp:term":[{"taxonomy":"post_tag","embeddable":true,"href":"https:\/\/silvertonareacommunityaid.org\/es\/wp-json\/wp\/v2\/tags?post=10760"},{"taxonomy":"tribe_events_cat","embeddable":true,"href":"https:\/\/silvertonareacommunityaid.org\/es\/wp-json\/wp\/v2\/tribe_events_cat?post=10760"}],"curies":[{"name":"wp","href":"https:\/\/api.w.org\/{rel}","templated":true}]}}

<div dir="auto">Click the title for more information. | Haga clic en el título para obtener más información.</div>
<div dir="auto"></div>
<div dir="auto">&#8212;&#8212;&#8212;-</div>
<div dir="auto"></div>
<h1 dir="auto">You&#8217;re invited to join us for a</h1>
<h1 dir="auto"><em>Once in a Lifetime Opportunity</em></h1>
<div dir="auto"></div>
<div dir="auto">
<p class="cvGsUA direction-ltr align-center para-style-body"><span class="OYPEnA font-feature-liga-off font-feature-clig-off font-feature-calt-off text-decoration-none text-strikethrough-none">Come take a sneak peek of the new SACA facility and learn how, </span><span class="OYPEnA font-feature-liga-off font-feature-clig-off font-feature-calt-off text-decoration-none text-strikethrough-none">together</span><span class="OYPEnA font-feature-liga-off font-feature-clig-off font-feature-calt-off text-decoration-none text-strikethrough-none">, we will open the doors to this new community hub! Our new space will improve access to SACA programs and better serve </span><span class="OYPEnA font-feature-liga-off font-feature-clig-off font-feature-calt-off text-decoration-none text-strikethrough-none">our rural community by providing space for partner organizations.</span></p>
<h3><strong><span class="OYPEnA font-feature-liga-off font-feature-clig-off font-feature-calt-off text-decoration-none text-strikethrough-none">Community Campaign Kick-off for New SACA Facility</span></strong></h3>
<p class="cvGsUA direction-ltr align-center para-style-body"><span class="OYPEnA font-feature-liga-off font-feature-clig-off font-feature-calt-off text-decoration-none text-strikethrough-none">Your support at this event will bring to life our vision of a collaborative social services center that </span><span class="OYPEnA font-feature-liga-off font-feature-clig-off font-feature-calt-off text-decoration-none text-strikethrough-none">will serve the Silverton area for years to come. </span><em><span class="OYPEnA font-feature-liga-off font-feature-clig-off font-feature-calt-off text-decoration-none text-strikethrough-none">With your help</span></em><span class="OYPEnA font-feature-liga-off font-feature-clig-off font-feature-calt-off text-decoration-none text-strikethrough-none">, we will change lives, </span><span class="OYPEnA font-feature-liga-off font-feature-clig-off font-feature-calt-off text-decoration-none text-strikethrough-none">bring people together, and ensure our community continues to thrive.</span></p>
<p>&nbsp;</p>
<p class="cvGsUA direction-ltr align-center para-style-body"><strong><span class="OYPEnA font-feature-liga-off font-feature-clig-off font-feature-calt-off text-decoration-none text-strikethrough-none">WEDNESDAY, OCTOBER 16, 2024</span></strong></p>
<p class="cvGsUA direction-ltr align-center para-style-body"><span class="OYPEnA font-feature-liga-off font-feature-clig-off font-feature-calt-off text-decoration-none text-strikethrough-none">6:30pm &#8211; Doors open</span></p>
<p class="cvGsUA direction-ltr align-center para-style-body"><span class="OYPEnA font-feature-liga-off font-feature-clig-off font-feature-calt-off text-decoration-none text-strikethrough-none">7:00pm &#8211; Brief program</span></p>
<p class="cvGsUA direction-ltr align-center para-style-body"><span class="OYPEnA font-feature-liga-off font-feature-clig-off font-feature-calt-off text-decoration-none text-strikethrough-none">7:30pm &#8211; Self-guided tours</span></p>
<p class="cvGsUA direction-ltr align-center para-style-body"><em><span class="OYPEnA font-feature-liga-off font-feature-clig-off font-feature-calt-off text-decoration-none text-strikethrough-none">Light snacks and beverages provided</span></em></p>
</div>
<p>&nbsp;</p>
<p>Let us know you&#8217;re coming: <a href="https://forms.gle/LuHFpnko7vaujEJf8">https://forms.gle/LuHFpnko7vaujEJf8</a></p>
<p>990 N 1st St, Silverton</p>
<p>(503) 873-3446</p>
<p>&#8212;&#8212;&#8212;-</p>
<h1><strong>Estás invitado a unirte a nosotros para una</strong><br />
<strong><em>Oportunidad única en la vida</em></strong></h1>
<p>&nbsp;</p>
<p>¡Ven a echar un vistazo a las nuevas instalaciones de SACA y descubre cómo, juntos, abriremos las puertas de este nuevo centro comunitario! Nuestro nuevo espacio mejorará el acceso a los programas de SACA y servirá mejor a nuestra comunidad rural al brindar espacio para las organizaciones asociadas.</p>
<p>&nbsp;</p>
<h3><strong>Lanzamiento de la campaña comunitaria para las nuevas instalaciones de SACA</strong></h3>
<p>&nbsp;</p>
<p>Tu apoyo en este evento dará vida a nuestra visión de un centro de servicios sociales colaborativo que prestará servicios en el área de Silverton durante los próximos años. Con tu ayuda, cambiaremos vidas, uniremos a las personas y garantizaremos que nuestra comunidad siga prosperando.</p>
<p>&nbsp;</p>
<p><strong>MIÉRCOLES 16 DE OCTUBRE DE 2024</strong></p>
<p>6:30pm &#8211; Apertura de puertas</p>
<p>7:00pm &#8211; Programa breve</p>
<p>7:30pm &#8211; Visitas autoguiadas</p>
<p><em>Se ofrecerán refrigerios y bebidas ligeras</em></p>
<p>&nbsp;</p>
<p>Avísanos si vienes: <a href="https://forms.gle/LuHFpnko7vaujEJf8">https://forms.gle/LuHFpnko7vaujEJf8</a></p>
<p>990 N 1st St, Silverton</p>
<p>(503) 873-3446</p>

<p>Click the title for more information. | Haga clic en el título para obtener más información. &#8212;&#8212;&#8212;- You&#8217;re invited to join us for a Once in a Lifetime Opportunity Come take a sneak peek of the new SACA facility and learn how, together, we will open the doors to this new community hub! Our new space will improve access to &#8230; <a href="https://silvertonareacommunityaid.org/es/event/once-in-a-lifetime-opportunity/" class="more-link">Read More</a></p>
